{"id":28,"date":"2017-03-28T19:03:48","date_gmt":"2017-03-28T19:03:48","guid":{"rendered":"https:\/\/mtg.is\/?page_id=28"},"modified":"2017-03-30T11:29:54","modified_gmt":"2017-03-30T11:29:54","slug":"policy","status":"publish","type":"page","link":"https:\/\/mtg.is\/?page_id=28","title":{"rendered":"Policy"},"content":{"rendered":"<p>https:\/\/mtg.is tekur ekki \u00e1byrg\u00f0 \u00e1 kaupum e\u00f0a s\u00f6lum sem framkv\u00e6mdar eru af notendum s\u00ed\u00f0unar. S\u00ed\u00f0an er eing\u00f6ngu \u00e6tlu\u00f0 til augl\u00fdsingar og a\u00f0sto\u00f0 vi\u00f0 kaup\/s\u00f6lu \u00e1 \u201eMagic the Gathering\u201c, spilum og\/e\u00f0a v\u00f6rum sem tengjast MTG https:\/\/mtg.is deilir ekki neinum uppl\u00fdsingum um notendur s\u00ed\u00f0urnar me\u00f0 neinum \u00f6\u00f0rum a\u00f0ila. \u00d6ll vi\u00f0skipti og\/e\u00f0a samskipti sem notendur s\u00ed\u00f0unar eiga s\u00edn \u00e1 milli eru \u00e1 \u00feeirra eigin \u00e1byrg\u00f0. Augl\u00fdsingar, Myndir, Myndb\u00f6nd og\/e\u00f0a hlj\u00f3\u00f0skr\u00e1r sem ekki tengjast MTG eru ekki leyf\u00f0ar \u00e1 s\u00ed\u00f0unni og ver\u00f0a fjarl\u00e6g\u00f0ar samstundis.<\/p>\n<p>https:\/\/mtg.is tekur 5% s\u00f6lugjald af hverri s\u00f6lu sem framkv\u00e6md er \u00ed gegnum s\u00ed\u00f0una. S\u00f6lugjaldi\u00f0 ver\u00f0ur nota\u00f0 til fj\u00e1rm\u00f6gnunar \u00e1 uppf\u00e6rslum og \u00e1framhaldandi rekstri s\u00ed\u00f0unnar.<\/p>\n<p>&nbsp;<\/p>\n<p>https:\/\/mtg.is takes no responsibility in any transactions made by users of the website. https:\/\/mtg.is is only meant for buying and selling of MTG cards and\/or products related to MTG. https:\/\/mtg.is will not share any information about users to any other party. https:\/\/mtg.is takes no responsibility on communications and\/or transactions made between users of MTG.is. Advertisements, Pictures, Videos and Audio clips not related to MTG are not allowed and will be removed immediately.<\/p>\n<p>https:\/\/mtg.is collects 5% commission fee on each sale made through the website. These funds will finance the cost of upgrades and other fees associated with running the site.<\/p>\n","protected":false},"excerpt":{"rendered":"<p>https:\/\/mtg.is tekur ekki \u00e1byrg\u00f0 \u00e1 kaupum e\u00f0a s\u00f6lum sem framkv\u00e6mdar eru af notendum s\u00ed\u00f0unar. S\u00ed\u00f0an er eing\u00f6ngu \u00e6tlu\u00f0 til augl\u00fdsingar og a\u00f0sto\u00f0 vi\u00f0 kaup\/s\u00f6lu \u00e1 \u201eMagic the Gathering\u201c, spilum og\/e\u00f0a v\u00f6rum sem tengjast MTG https:\/\/mtg.is deilir ekki neinum uppl\u00fdsingum um notendur s\u00ed\u00f0urnar me\u00f0 neinum \u00f6\u00f0rum a\u00f0ila. \u00d6ll vi\u00f0skipti og\/e\u00f0a samskipti sem notendur s\u00ed\u00f0unar eiga s\u00edn [&hellip;]<\/p>\n","protected":false},"author":1,"featured_media":0,"parent":0,"menu_order":0,"comment_status":"closed","ping_status":"closed","template":"","meta":{"footnotes":""},"_links":{"self":[{"href":"https:\/\/mtg.is\/index.php?rest_route=\/wp\/v2\/pages\/28"}],"collection":[{"href":"https:\/\/mtg.is\/index.php?rest_route=\/wp\/v2\/pages"}],"about":[{"href":"https:\/\/mtg.is\/index.php?rest_route=\/wp\/v2\/types\/page"}],"author":[{"embeddable":true,"href":"https:\/\/mtg.is\/index.php?rest_route=\/wp\/v2\/users\/1"}],"replies":[{"embeddable":true,"href":"https:\/\/mtg.is\/index.php?rest_route=%2Fwp%2Fv2%2Fcomments&post=28"}],"version-history":[{"count":5,"href":"https:\/\/mtg.is\/index.php?rest_route=\/wp\/v2\/pages\/28\/revisions"}],"predecessor-version":[{"id":203,"href":"https:\/\/mtg.is\/index.php?rest_route=\/wp\/v2\/pages\/28\/revisions\/203"}],"wp:attachment":[{"href":"https:\/\/mtg.is\/index.php?rest_route=%2Fwp%2Fv2%2Fmedia&parent=28"}],"curies":[{"name":"wp","href":"https:\/\/api.w.org\/{rel}","templated":true}]}}